{"id":2459,"date":"2025-09-11T07:30:59","date_gmt":"2025-09-11T07:30:59","guid":{"rendered":"https:\/\/platformspaans.nl\/?page_id=2459"},"modified":"2025-09-12T08:06:49","modified_gmt":"2025-09-12T08:06:49","slug":"rijksuniversiteit-groningen","status":"publish","type":"page","link":"https:\/\/platformspaans.nl\/?page_id=2459","title":{"rendered":"Rijksuniversiteit Groningen"},"content":{"rendered":"\n<p><strong>Docentenmiddag Spaans | Docent als ambassadeur van het vak:&nbsp;van eindtermen naar lesmateriaal, ge\u00efnspireerd door onderzoek<\/strong><\/p>\n\n\n\n<p><strong>Doel(groep): <\/strong>(aankomend) docenten in het voortgezet onderwijs<\/p>\n\n\n\n<p>Landelijke Loopbaanori\u00ebntatie en Begeleiding (LOB)-campagne waarbij materialen samen met lokale collega\u2019s worden ontwikkeld, in lijn met<a href=\"https:\/\/www.slo.nl\/thema\/meer\/actualisatie-kerndoelen-examenprogramma\/\"> de actualisatie van kerndoelen en examenprogramma&#8217;s.<\/a><\/p>\n\n\n\n<p><strong>Inhoud<\/strong><\/p>\n\n\n\n<p>Deze bijzondere Docentenmiddag Spaans, is een kosteloze pilot georganiseerd door <a href=\"https:\/\/platformspaans.nl\/\">Platform Spaans<\/a> ism met de Lerarenopleiding en de opleiding <a href=\"https:\/\/www.rug.nl\/bachelors\/european-languages-and-cultures\/\">Europese Talen en Culturen<\/a> van de Universiteit Groningen en het <a href=\"https:\/\/www.rug.nl\/gmw\/expertisecentrum-vakdidactiek-noord\/\">Expertise Centrum Vakdidactiek Noord<\/a> (EVN), heeft tot doel de boeiende kanten van onze opleidingen rechtstreeks de vo-klas in te brengen.<br><br>Tijdens deze LOB-campagne ben jij als docent de ambassadeur van het vak Spaans. Deze middag staat in het teken van de vraag hoe het leren van het talen op school en daarmee taalstudies aantrekkelijker gemaakt kunnen worden voor leerlingen.\u00a0 Hoe kan ik hen interesseren voor wetenschappelijk onderzoek naar bijvoorbeeld de Spaanse Burgeroorlog of taalvariatie? Hoe kunnen mijn taallessen, door middel van spannende inhoud, bijdragen aan de persoonlijke ontwikkeling van mijn leerlingen en daarmee hun interesse in studie- of beroepskeuze voor taal- en cultuurstudies vergroten?<br><br>Er is ruimte om samen met collega\u2019s uit je regio te werken aan het ontwerpen van inspirerende lessen. Je ervaart hoe je stapsgewijs lesidee\u00ebn kunt ontwikkelen rondom de nieuwe domeinen van het examenprogramma: taalbewustzijn en cultuurbewustzijn.<\/p>\n\n\n\n<p><strong>Programma:<\/strong><\/p>\n\n\n\n<p>12.30- 13.00h registro e introducci\u00f3n<br>13.00- 15:00h Ronda I La consciencia ling\u00fc\u00edstica: De la investigaci\u00f3n a la clase de ELE<\/p>\n\n\n\n<p>Constelaciones Ling\u00fc\u00edsticas Dominantes, Consciencia Multiling\u00fce Cr\u00edtica, y Aprendizaje del Espa\u00f1ol en Los Pa\u00edses Bajos&nbsp;<\/p>\n\n\n\n<p><a href=\"https:\/\/www.rug.nl\/staff\/josh.prada\/?lang=en\">Josh Prada<\/a><\/p>\n\n\n\n<p>Esta sesi\u00f3n se centrar\u00e1 en familiarizarnos con el concepto de Constelaciones Ling\u00fc\u00edsticas Dominantes como manera de profundizar nuestra consciencia multiling\u00fce Cr\u00edtica. Exploraremos investigaciones recientes con maestros de lengua en diferentes contextos, y jugaremos con metodolog\u00edas art\u00edsticas de visualizaci\u00f3n que podremos importar a nuestras propias clases con alumnado de secundaria. El objetivo es (ayudar a nuestros estudiantes a) ganar amplitud conceptual, ejercer la reflexividad, y aprender a posicionarnos como ciudadanos multiling\u00fces en un mundo globalizado.<\/p>\n\n\n\n<p>15:00- 15:15h Pausa con caf\u00e9<br>15:15- 17.15h Ronda II La consciencia cultural: De la investigaci\u00f3n a la clase de ELE<\/p>\n\n\n\n<p><a href=\"https:\/\/www.rug.nl\/staff\/h.m.mcdonnell\/?lang=en\">Hugh McDonnell&nbsp;<\/a><\/p>\n\n\n\n<p>Documentales sociopol\u00edticos y la ense\u00f1anza del espa\u00f1ol&nbsp;<\/p>\n\n\n\n<p>Esta sesi\u00f3n se centrar\u00e1 en el uso de documentales para explorar cuestiones pol\u00edticas, culturales y sociales relacionadas tanto con Espa\u00f1a como con Am\u00e9rica Latina, tanto hist\u00f3ricamente como en la actualidad. Permitir\u00e1 debatir c\u00f3mo encontrar y presentar materiales que capten el inter\u00e9s de estudiantes de diversos or\u00edgenes, las fortalezas y limitaciones de este enfoque, as\u00ed como las posibilidades y restricciones de adoptar este tipo de metodolog\u00eda al nivel de la educaci\u00f3n secundaria<\/p>\n\n\n\n<p>17:15 &#8211; 18:00h Copas<\/p>\n\n\n\n<p><strong>Datum, tijd en plaats<\/strong><\/p>\n\n\n\n<p>Vrijdag 3 oktober 2025, 12.30 &#8211; 18:00<\/p>\n\n\n\n<p>Locatie:<a href=\"https:\/\/www.rug.nl\/staff\/location\/1323\"> Turftorenstraat 21<\/a>, zaal 8, Faculteit Letteren, Rijksuniversiteit Groningen<\/p>\n\n\n\n<p><strong>Tarief<\/strong><\/p>\n\n\n\n<p>Er zijn geen kosten verbonden aan deze middag.<\/p>\n\n\n\n<p>Minimaal aantal inschrijvingen: 6<\/p>\n\n\n\n<p><strong>Cursusleiding en informatie<\/strong><\/p>\n\n\n\n<p>Gerdientje Oggel&nbsp; (email:&nbsp; <a href=\"mailto:g.a.oggel@rug.nl\">g.a.oggel@rug.nl<\/a> )<\/p>\n\n\n\n<p><strong>Aanmelding kan via de link op onderstaande website t\/m vrijdag 25 september<\/strong>: <a href=\"https:\/\/www.rug.nl\/gmw\/expertisecentrum-vakdidactiek-noord\/spaans\/docentenmiddag-spaans\">klik hier voor de link<\/a><\/p>\n\n\n\n<p><\/p>\n","protected":false},"excerpt":{"rendered":"<p>Docentenmiddag Spaans | Docent als ambassadeur van het vak:&nbsp;van eindtermen naar lesmateriaal, ge\u00efnspireerd door onderzoek Doel(groep): (aankomend) docenten in het voortgezet onderwijs Landelijke Loopbaanori\u00ebntatie en Begeleiding (LOB)-campagne waarbij materialen samen met lokale collega\u2019s worden ontwikkeld, in lijn met de actualisatie van kerndoelen en examenprogramma&#8217;s. Inhoud Deze bijzondere Docentenmiddag Spaans, is een kosteloze pilot georganiseerd door [&hellip;]<\/p>\n","protected":false},"author":2,"featured_media":0,"parent":0,"menu_order":0,"comment_status":"closed","ping_status":"closed","template":"","meta":{"footnotes":""},"class_list":["post-2459","page","type-page","status-publish","hentry"],"jetpack_sharing_enabled":true,"publishpress_future_action":{"enabled":false,"date":"2026-05-05 07:31:07","action":"change-status","newStatus":"draft","terms":[],"taxonomy":"","extraData":[]},"publishpress_future_workflow_manual_trigger":{"enabledWorkflows":[]},"post_mailing_queue_ids":[],"_links":{"self":[{"href":"https:\/\/platformspaans.nl\/index.php?rest_route=\/wp\/v2\/pages\/2459","targetHints":{"allow":["GET"]}}],"collection":[{"href":"https:\/\/platformspaans.nl\/index.php?rest_route=\/wp\/v2\/pages"}],"about":[{"href":"https:\/\/platformspaans.nl\/index.php?rest_route=\/wp\/v2\/types\/page"}],"author":[{"embeddable":true,"href":"https:\/\/platformspaans.nl\/index.php?rest_route=\/wp\/v2\/users\/2"}],"replies":[{"embeddable":true,"href":"https:\/\/platformspaans.nl\/index.php?rest_route=%2Fwp%2Fv2%2Fcomments&post=2459"}],"version-history":[{"count":3,"href":"https:\/\/platformspaans.nl\/index.php?rest_route=\/wp\/v2\/pages\/2459\/revisions"}],"predecessor-version":[{"id":2488,"href":"https:\/\/platformspaans.nl\/index.php?rest_route=\/wp\/v2\/pages\/2459\/revisions\/2488"}],"wp:attachment":[{"href":"https:\/\/platformspaans.nl\/index.php?rest_route=%2Fwp%2Fv2%2Fmedia&parent=2459"}],"curies":[{"name":"wp","href":"https:\/\/api.w.org\/{rel}","templated":true}]}}

<p><strong>Docentenmiddag Spaans | Docent als ambassadeur van het vak:&nbsp;van eindtermen naar lesmateriaal, geïnspireerd door onderzoek</strong></p>



<p><strong>Doel(groep): </strong>(aankomend) docenten in het voortgezet onderwijs</p>



<p>Landelijke Loopbaanoriëntatie en Begeleiding (LOB)-campagne waarbij materialen samen met lokale collega’s worden ontwikkeld, in lijn met<a href="https://www.slo.nl/thema/meer/actualisatie-kerndoelen-examenprogramma/"> de actualisatie van kerndoelen en examenprogramma&#8217;s.</a></p>



<p><strong>Inhoud</strong></p>



<p>Deze bijzondere Docentenmiddag Spaans, is een kosteloze pilot georganiseerd door <a href="https://platformspaans.nl/">Platform Spaans</a> ism met de Lerarenopleiding en de opleiding <a href="https://www.rug.nl/bachelors/european-languages-and-cultures/">Europese Talen en Culturen</a> van de Universiteit Groningen en het <a href="https://www.rug.nl/gmw/expertisecentrum-vakdidactiek-noord/">Expertise Centrum Vakdidactiek Noord</a> (EVN), heeft tot doel de boeiende kanten van onze opleidingen rechtstreeks de vo-klas in te brengen.<br><br>Tijdens deze LOB-campagne ben jij als docent de ambassadeur van het vak Spaans. Deze middag staat in het teken van de vraag hoe het leren van het talen op school en daarmee taalstudies aantrekkelijker gemaakt kunnen worden voor leerlingen.  Hoe kan ik hen interesseren voor wetenschappelijk onderzoek naar bijvoorbeeld de Spaanse Burgeroorlog of taalvariatie? Hoe kunnen mijn taallessen, door middel van spannende inhoud, bijdragen aan de persoonlijke ontwikkeling van mijn leerlingen en daarmee hun interesse in studie- of beroepskeuze voor taal- en cultuurstudies vergroten?<br><br>Er is ruimte om samen met collega’s uit je regio te werken aan het ontwerpen van inspirerende lessen. Je ervaart hoe je stapsgewijs lesideeën kunt ontwikkelen rondom de nieuwe domeinen van het examenprogramma: taalbewustzijn en cultuurbewustzijn.</p>



<p><strong>Programma:</strong></p>



<p>12.30- 13.00h registro e introducción<br>13.00- 15:00h Ronda I La consciencia lingüística: De la investigación a la clase de ELE</p>



<p>Constelaciones Lingüísticas Dominantes, Consciencia Multilingüe Crítica, y Aprendizaje del Español en Los Países Bajos&nbsp;</p>



<p><a href="https://www.rug.nl/staff/josh.prada/?lang=en">Josh Prada</a></p>



<p>Esta sesión se centrará en familiarizarnos con el concepto de Constelaciones Lingüísticas Dominantes como manera de profundizar nuestra consciencia multilingüe Crítica. Exploraremos investigaciones recientes con maestros de lengua en diferentes contextos, y jugaremos con metodologías artísticas de visualización que podremos importar a nuestras propias clases con alumnado de secundaria. El objetivo es (ayudar a nuestros estudiantes a) ganar amplitud conceptual, ejercer la reflexividad, y aprender a posicionarnos como ciudadanos multilingües en un mundo globalizado.</p>



<p>15:00- 15:15h Pausa con café<br>15:15- 17.15h Ronda II La consciencia cultural: De la investigación a la clase de ELE</p>



<p><a href="https://www.rug.nl/staff/h.m.mcdonnell/?lang=en">Hugh McDonnell&nbsp;</a></p>



<p>Documentales sociopolíticos y la enseñanza del español&nbsp;</p>



<p>Esta sesión se centrará en el uso de documentales para explorar cuestiones políticas, culturales y sociales relacionadas tanto con España como con América Latina, tanto históricamente como en la actualidad. Permitirá debatir cómo encontrar y presentar materiales que capten el interés de estudiantes de diversos orígenes, las fortalezas y limitaciones de este enfoque, así como las posibilidades y restricciones de adoptar este tipo de metodología al nivel de la educación secundaria</p>



<p>17:15 &#8211; 18:00h Copas</p>



<p><strong>Datum, tijd en plaats</strong></p>



<p>Vrijdag 3 oktober 2025, 12.30 &#8211; 18:00</p>



<p>Locatie:<a href="https://www.rug.nl/staff/location/1323"> Turftorenstraat 21</a>, zaal 8, Faculteit Letteren, Rijksuniversiteit Groningen</p>



<p><strong>Tarief</strong></p>



<p>Er zijn geen kosten verbonden aan deze middag.</p>



<p>Minimaal aantal inschrijvingen: 6</p>



<p><strong>Cursusleiding en informatie</strong></p>



<p>Gerdientje Oggel&nbsp; (email:&nbsp; <a href="mailto:g.a.oggel@rug.nl">g.a.oggel@rug.nl</a> )</p>



<p><strong>Aanmelding kan via de link op onderstaande website t/m vrijdag 25 september</strong>: <a href="https://www.rug.nl/gmw/expertisecentrum-vakdidactiek-noord/spaans/docentenmiddag-spaans">klik hier voor de link</a></p>



<p></p>

<p>Docentenmiddag Spaans | Docent als ambassadeur van het vak:&nbsp;van eindtermen naar lesmateriaal, geïnspireerd door onderzoek Doel(groep): (aankomend) docenten in het voortgezet onderwijs Landelijke Loopbaanoriëntatie en Begeleiding (LOB)-campagne waarbij materialen samen met lokale collega’s worden ontwikkeld, in lijn met de actualisatie van kerndoelen en examenprogramma&#8217;s. Inhoud Deze bijzondere Docentenmiddag Spaans, is een kosteloze pilot georganiseerd door [&hellip;]</p>
