{"id":470,"date":"2021-10-05T14:25:54","date_gmt":"2021-10-05T12:25:54","guid":{"rendered":"https:\/\/platformspaanstest.wordpress.com\/?page_id=470"},"modified":"2025-12-07T19:02:50","modified_gmt":"2025-12-07T19:02:50","slug":"bestuur","status":"publish","type":"page","link":"https:\/\/platformspaans.nl\/?page_id=470","title":{"rendered":"Bestuur"},"content":{"rendered":"<style>.wp-block-kadence-advancedheading.kt-adv-heading470_cd88cb-a5, .wp-block-kadence-advancedheading.kt-adv-heading470_cd88cb-a5[data-kb-block=\"kb-adv-heading470_cd88cb-a5\"]{font-style:normal;}.wp-block-kadence-advancedheading.kt-adv-heading470_cd88cb-a5 mark.kt-highlight, .wp-block-kadence-advancedheading.kt-adv-heading470_cd88cb-a5[data-kb-block=\"kb-adv-heading470_cd88cb-a5\"] mark.kt-highlight{font-style:normal;color:#f76a0c;-webkit-box-decoration-break:clone;box-decoration-break:clone;padding-top:0px;padding-right:0px;padding-bottom:0px;padding-left:0px;}.wp-block-kadence-advancedheading.kt-adv-heading470_cd88cb-a5 img.kb-inline-image, .wp-block-kadence-advancedheading.kt-adv-heading470_cd88cb-a5[data-kb-block=\"kb-adv-heading470_cd88cb-a5\"] img.kb-inline-image{width:150px;vertical-align:baseline;}<\/style>\n<p class=\"kt-adv-heading470_cd88cb-a5 wp-block-kadence-advancedheading\" data-kb-block=\"kb-adv-heading470_cd88cb-a5\">De organisaties die zich wijden aan Platform Spaans zijn publiek en vertegenwoordigen diverse sectoren, zoals het voortgezet onderwijs, culturele instituten, en universiteiten. Deze samenstelling waarborgt de neutrale insteek van het platform. Een werkgroep co\u00f6rdineert de algemene ontwikkelingen van de website in driemaandelijkse vergaderingen. Daarnaast is er een leidinggevende groep waar ook andere organisaties en sponsoren aan deelnemen. Deze groep, die twee keer per jaar samenkomt, evalueert de behaalde resultaten, stelt de doelen van het initiatief, en zorgt voor de financiering van de activiteiten van Platform Spaans.<\/p>\n\n\n<style>.wp-block-kadence-advancedheading.kt-adv-heading470_0c72fe-cd, .wp-block-kadence-advancedheading.kt-adv-heading470_0c72fe-cd[data-kb-block=\"kb-adv-heading470_0c72fe-cd\"]{font-style:normal;}.wp-block-kadence-advancedheading.kt-adv-heading470_0c72fe-cd mark.kt-highlight, .wp-block-kadence-advancedheading.kt-adv-heading470_0c72fe-cd[data-kb-block=\"kb-adv-heading470_0c72fe-cd\"] mark.kt-highlight{font-style:normal;color:#f76a0c;-webkit-box-decoration-break:clone;box-decoration-break:clone;padding-top:0px;padding-right:0px;padding-bottom:0px;padding-left:0px;}.wp-block-kadence-advancedheading.kt-adv-heading470_0c72fe-cd img.kb-inline-image, .wp-block-kadence-advancedheading.kt-adv-heading470_0c72fe-cd[data-kb-block=\"kb-adv-heading470_0c72fe-cd\"] img.kb-inline-image{width:150px;vertical-align:baseline;}<\/style>\n<p class=\"kt-adv-heading470_0c72fe-cd wp-block-kadence-advancedheading\" data-kb-block=\"kb-adv-heading470_0c72fe-cd\">De initiatiefnemers van het Platform Spaans zijn:<\/p>\n\n\n\n<ul class=\"wp-block-list\">\n<li><strong>Instituto Cervantes&nbsp;<\/strong><\/li>\n\n\n\n<li><strong>Consejer\u00eda de Educaci\u00f3n in Benelux&nbsp;<\/strong><\/li>\n\n\n\n<li><strong>Levende Talen<\/strong>&nbsp;(Fernanda Martino; Blanca Cano Gonz\u00e1lez)&nbsp;<\/li>\n\n\n\n<li><strong>Radboud Universiteit<\/strong>&nbsp;(Mayte Ib\u00e1\u00f1ez)&nbsp;<\/li>\n\n\n\n<li><strong>Rijksuniversiteit Groningen<\/strong> (Gerdientje Oggel)<\/li>\n\n\n\n<li><strong>Universiteit Utrecht<\/strong>&nbsp;(Silvia Canto)&nbsp;<\/li>\n\n\n\n<li><strong>Universiteit van Amsterdam<\/strong>&nbsp;(Eva Daussa)&nbsp;<\/li>\n\n\n\n<li><strong>Universiteit Leiden<\/strong>&nbsp;(Nanne Timmer)<\/li>\n\n\n\n<li><strong>Fontys<\/strong> <strong>Hogeschool<\/strong>\u00a0(Daniel Valle Robles; Paula Costas Alonso)<\/li>\n\n\n\n<li><strong>Hogeschool Utrecht<\/strong>&nbsp;(Ana Llamazares)&nbsp;<\/li>\n\n\n\n<li><strong>VDSN<\/strong>&nbsp;(Danielle Siems)&nbsp;<\/li>\n<\/ul>\n\n\n<style>.wp-block-kadence-advancedheading.kt-adv-heading470_de01b5-14, .wp-block-kadence-advancedheading.kt-adv-heading470_de01b5-14[data-kb-block=\"kb-adv-heading470_de01b5-14\"]{font-style:normal;}.wp-block-kadence-advancedheading.kt-adv-heading470_de01b5-14 mark.kt-highlight, .wp-block-kadence-advancedheading.kt-adv-heading470_de01b5-14[data-kb-block=\"kb-adv-heading470_de01b5-14\"] mark.kt-highlight{font-style:normal;color:#f76a0c;-webkit-box-decoration-break:clone;box-decoration-break:clone;padding-top:0px;padding-right:0px;padding-bottom:0px;padding-left:0px;}.wp-block-kadence-advancedheading.kt-adv-heading470_de01b5-14 img.kb-inline-image, .wp-block-kadence-advancedheading.kt-adv-heading470_de01b5-14[data-kb-block=\"kb-adv-heading470_de01b5-14\"] img.kb-inline-image{width:150px;vertical-align:baseline;}<\/style>\n<p class=\"kt-adv-heading470_de01b5-14 wp-block-kadence-advancedheading\" data-kb-block=\"kb-adv-heading470_de01b5-14\">De werkgroep is bereikbaar via het <a href=\"https:\/\/platformspaans.nl\/?page_id=97\" data-type=\"URL\" data-id=\"https:\/\/platformspaans.nl\/?page_id=97\">contactformulier<\/a>.<\/p>\n\n\n<style>.wp-block-kadence-advancedheading.kt-adv-heading470_eecf80-0f, .wp-block-kadence-advancedheading.kt-adv-heading470_eecf80-0f[data-kb-block=\"kb-adv-heading470_eecf80-0f\"]{font-style:normal;}.wp-block-kadence-advancedheading.kt-adv-heading470_eecf80-0f mark.kt-highlight, .wp-block-kadence-advancedheading.kt-adv-heading470_eecf80-0f[data-kb-block=\"kb-adv-heading470_eecf80-0f\"] mark.kt-highlight{font-style:normal;color:#f76a0c;-webkit-box-decoration-break:clone;box-decoration-break:clone;padding-top:0px;padding-right:0px;padding-bottom:0px;padding-left:0px;}.wp-block-kadence-advancedheading.kt-adv-heading470_eecf80-0f img.kb-inline-image, .wp-block-kadence-advancedheading.kt-adv-heading470_eecf80-0f[data-kb-block=\"kb-adv-heading470_eecf80-0f\"] img.kb-inline-image{width:150px;vertical-align:baseline;}<\/style>\n<p class=\"kt-adv-heading470_eecf80-0f wp-block-kadence-advancedheading\" data-kb-block=\"kb-adv-heading470_eecf80-0f\"><strong>En espa\u00f1ol:<\/strong><br>Las organizaciones que se ocupan de Platform Spaans son p\u00fablicas y representan sectores diversos tal como la ense\u00f1anza secundaria, institutos culturales y universidades. Esta composici\u00f3n garantiza la identidad neutra de la plataforma. Un grupo de trabajo coordina el desarrollo general del sitio web en reuniones trimestrales. Existe adem\u00e1s un grupo directivo en el que tambi\u00e9n participan otras organizaciones y patrocinadores. Este grupo eval\u00faa los resultados obtenidos, plantea los objetivos de la iniciativa y la financiaci\u00f3n de las actividades de Platform Spaans, reuni\u00e9ndose dos veces al a\u00f1o.<\/p>\n\n\n<style>.wp-block-kadence-advancedheading.kt-adv-heading470_d66354-2f, .wp-block-kadence-advancedheading.kt-adv-heading470_d66354-2f[data-kb-block=\"kb-adv-heading470_d66354-2f\"]{font-style:normal;}.wp-block-kadence-advancedheading.kt-adv-heading470_d66354-2f mark.kt-highlight, .wp-block-kadence-advancedheading.kt-adv-heading470_d66354-2f[data-kb-block=\"kb-adv-heading470_d66354-2f\"] mark.kt-highlight{font-style:normal;color:#f76a0c;-webkit-box-decoration-break:clone;box-decoration-break:clone;padding-top:0px;padding-right:0px;padding-bottom:0px;padding-left:0px;}.wp-block-kadence-advancedheading.kt-adv-heading470_d66354-2f img.kb-inline-image, .wp-block-kadence-advancedheading.kt-adv-heading470_d66354-2f[data-kb-block=\"kb-adv-heading470_d66354-2f\"] img.kb-inline-image{width:150px;vertical-align:baseline;}<\/style>\n<p class=\"kt-adv-heading470_d66354-2f wp-block-kadence-advancedheading\" data-kb-block=\"kb-adv-heading470_d66354-2f\">Los iniciadores de Platform Spaans son:<\/p>\n\n\n\n<ul class=\"wp-block-list\">\n<li><strong>Instituto Cervantes&nbsp;<\/strong><\/li>\n\n\n\n<li><strong>Consejer\u00eda de Educaci\u00f3n en Benelux&nbsp;<\/strong><\/li>\n\n\n\n<li><strong>Levende Talen<\/strong>&nbsp;(Fernanda Martino; Blanca Cano Gonz\u00e1lez)<\/li>\n\n\n\n<li><strong>Radboud Universiteit<\/strong>&nbsp;(Paula Costas Alonso)&nbsp;<\/li>\n\n\n\n<li><strong>Universiteit Utrecht<\/strong>&nbsp;(Silvia Canto)&nbsp;<\/li>\n\n\n\n<li><strong>Universiteit van Amsterdam<\/strong>&nbsp;(Eva Daussa)&nbsp;<\/li>\n\n\n\n<li><strong>Universiteit Leiden<\/strong>&nbsp;(Nanne Timmer)<\/li>\n\n\n\n<li><strong>Fontys<\/strong>&nbsp;(Daniel Valle Robles)<\/li>\n\n\n\n<li><strong>Hogeschool Utrecht<\/strong>&nbsp;(Ana Llamazares)&nbsp;<\/li>\n\n\n\n<li><strong>VDSN<\/strong>&nbsp;(Danielle Siems)&nbsp;<\/li>\n<\/ul>\n\n\n<style>.wp-block-kadence-advancedheading.kt-adv-heading470_9eddba-20, .wp-block-kadence-advancedheading.kt-adv-heading470_9eddba-20[data-kb-block=\"kb-adv-heading470_9eddba-20\"]{font-style:normal;}.wp-block-kadence-advancedheading.kt-adv-heading470_9eddba-20 mark.kt-highlight, .wp-block-kadence-advancedheading.kt-adv-heading470_9eddba-20[data-kb-block=\"kb-adv-heading470_9eddba-20\"] mark.kt-highlight{font-style:normal;color:#f76a0c;-webkit-box-decoration-break:clone;box-decoration-break:clone;padding-top:0px;padding-right:0px;padding-bottom:0px;padding-left:0px;}.wp-block-kadence-advancedheading.kt-adv-heading470_9eddba-20 img.kb-inline-image, .wp-block-kadence-advancedheading.kt-adv-heading470_9eddba-20[data-kb-block=\"kb-adv-heading470_9eddba-20\"] img.kb-inline-image{width:150px;vertical-align:baseline;}<\/style>\n<p class=\"kt-adv-heading470_9eddba-20 wp-block-kadence-advancedheading\" data-kb-block=\"kb-adv-heading470_9eddba-20\">Se puede contactar al grupo de trabajo <a href=\"https:\/\/platformspaans.nl\/?page_id=97\" data-type=\"URL\" data-id=\"https:\/\/platformspaans.nl\/?page_id=97\">aqu\u00ed<\/a>.<\/p>\n","protected":false},"excerpt":{"rendered":"<p>De organisaties die zich wijden aan Platform Spaans zijn publiek en vertegenwoordigen diverse sectoren, zoals het voortgezet onderwijs, culturele instituten, en universiteiten. Deze samenstelling waarborgt de neutrale insteek van het platform. Een werkgroep co\u00f6rdineert de algemene ontwikkelingen van de website in driemaandelijkse vergaderingen. Daarnaast is er een leidinggevende groep waar ook andere organisaties en sponsoren [&hellip;]<\/p>\n","protected":false},"author":2,"featured_media":0,"parent":0,"menu_order":0,"comment_status":"closed","ping_status":"closed","template":"","meta":{"footnotes":""},"class_list":["post-470","page","type-page","status-publish","hentry"],"jetpack_sharing_enabled":true,"publishpress_future_action":{"enabled":false,"date":"2026-05-05 07:30:40","action":"change-status","newStatus":"draft","terms":[],"taxonomy":"","extraData":[]},"publishpress_future_workflow_manual_trigger":{"enabledWorkflows":[]},"post_mailing_queue_ids":[],"_links":{"self":[{"href":"https:\/\/platformspaans.nl\/index.php?rest_route=\/wp\/v2\/pages\/470","targetHints":{"allow":["GET"]}}],"collection":[{"href":"https:\/\/platformspaans.nl\/index.php?rest_route=\/wp\/v2\/pages"}],"about":[{"href":"https:\/\/platformspaans.nl\/index.php?rest_route=\/wp\/v2\/types\/page"}],"author":[{"embeddable":true,"href":"https:\/\/platformspaans.nl\/index.php?rest_route=\/wp\/v2\/users\/2"}],"replies":[{"embeddable":true,"href":"https:\/\/platformspaans.nl\/index.php?rest_route=%2Fwp%2Fv2%2Fcomments&post=470"}],"version-history":[{"count":12,"href":"https:\/\/platformspaans.nl\/index.php?rest_route=\/wp\/v2\/pages\/470\/revisions"}],"predecessor-version":[{"id":2598,"href":"https:\/\/platformspaans.nl\/index.php?rest_route=\/wp\/v2\/pages\/470\/revisions\/2598"}],"wp:attachment":[{"href":"https:\/\/platformspaans.nl\/index.php?rest_route=%2Fwp%2Fv2%2Fmedia&parent=470"}],"curies":[{"name":"wp","href":"https:\/\/api.w.org\/{rel}","templated":true}]}}

<style>.wp-block-kadence-advancedheading.kt-adv-heading470_cd88cb-a5, .wp-block-kadence-advancedheading.kt-adv-heading470_cd88cb-a5[data-kb-block="kb-adv-heading470_cd88cb-a5"]{font-style:normal;}.wp-block-kadence-advancedheading.kt-adv-heading470_cd88cb-a5 mark.kt-highlight, .wp-block-kadence-advancedheading.kt-adv-heading470_cd88cb-a5[data-kb-block="kb-adv-heading470_cd88cb-a5"] mark.kt-highlight{font-style:normal;color:#f76a0c;-webkit-box-decoration-break:clone;box-decoration-break:clone;padding-top:0px;padding-right:0px;padding-bottom:0px;padding-left:0px;}.wp-block-kadence-advancedheading.kt-adv-heading470_cd88cb-a5 img.kb-inline-image, .wp-block-kadence-advancedheading.kt-adv-heading470_cd88cb-a5[data-kb-block="kb-adv-heading470_cd88cb-a5"] img.kb-inline-image{width:150px;vertical-align:baseline;}</style>
<p class="kt-adv-heading470_cd88cb-a5 wp-block-kadence-advancedheading" data-kb-block="kb-adv-heading470_cd88cb-a5">De organisaties die zich wijden aan Platform Spaans zijn publiek en vertegenwoordigen diverse sectoren, zoals het voortgezet onderwijs, culturele instituten, en universiteiten. Deze samenstelling waarborgt de neutrale insteek van het platform. Een werkgroep coördineert de algemene ontwikkelingen van de website in driemaandelijkse vergaderingen. Daarnaast is er een leidinggevende groep waar ook andere organisaties en sponsoren aan deelnemen. Deze groep, die twee keer per jaar samenkomt, evalueert de behaalde resultaten, stelt de doelen van het initiatief, en zorgt voor de financiering van de activiteiten van Platform Spaans.</p>


<style>.wp-block-kadence-advancedheading.kt-adv-heading470_0c72fe-cd, .wp-block-kadence-advancedheading.kt-adv-heading470_0c72fe-cd[data-kb-block="kb-adv-heading470_0c72fe-cd"]{font-style:normal;}.wp-block-kadence-advancedheading.kt-adv-heading470_0c72fe-cd mark.kt-highlight, .wp-block-kadence-advancedheading.kt-adv-heading470_0c72fe-cd[data-kb-block="kb-adv-heading470_0c72fe-cd"] mark.kt-highlight{font-style:normal;color:#f76a0c;-webkit-box-decoration-break:clone;box-decoration-break:clone;padding-top:0px;padding-right:0px;padding-bottom:0px;padding-left:0px;}.wp-block-kadence-advancedheading.kt-adv-heading470_0c72fe-cd img.kb-inline-image, .wp-block-kadence-advancedheading.kt-adv-heading470_0c72fe-cd[data-kb-block="kb-adv-heading470_0c72fe-cd"] img.kb-inline-image{width:150px;vertical-align:baseline;}</style>
<p class="kt-adv-heading470_0c72fe-cd wp-block-kadence-advancedheading" data-kb-block="kb-adv-heading470_0c72fe-cd">De initiatiefnemers van het Platform Spaans zijn:</p>



<ul class="wp-block-list">
<li><strong>Instituto Cervantes&nbsp;</strong></li>



<li><strong>Consejería de Educación in Benelux&nbsp;</strong></li>



<li><strong>Levende Talen</strong>&nbsp;(Fernanda Martino; Blanca Cano González)&nbsp;</li>



<li><strong>Radboud Universiteit</strong>&nbsp;(Mayte Ibáñez)&nbsp;</li>



<li><strong>Rijksuniversiteit Groningen</strong> (Gerdientje Oggel)</li>



<li><strong>Universiteit Utrecht</strong>&nbsp;(Silvia Canto)&nbsp;</li>



<li><strong>Universiteit van Amsterdam</strong>&nbsp;(Eva Daussa)&nbsp;</li>



<li><strong>Universiteit Leiden</strong>&nbsp;(Nanne Timmer)</li>



<li><strong>Fontys</strong> <strong>Hogeschool</strong> (Daniel Valle Robles; Paula Costas Alonso)</li>



<li><strong>Hogeschool Utrecht</strong>&nbsp;(Ana Llamazares)&nbsp;</li>



<li><strong>VDSN</strong>&nbsp;(Danielle Siems)&nbsp;</li>
</ul>


<style>.wp-block-kadence-advancedheading.kt-adv-heading470_de01b5-14, .wp-block-kadence-advancedheading.kt-adv-heading470_de01b5-14[data-kb-block="kb-adv-heading470_de01b5-14"]{font-style:normal;}.wp-block-kadence-advancedheading.kt-adv-heading470_de01b5-14 mark.kt-highlight, .wp-block-kadence-advancedheading.kt-adv-heading470_de01b5-14[data-kb-block="kb-adv-heading470_de01b5-14"] mark.kt-highlight{font-style:normal;color:#f76a0c;-webkit-box-decoration-break:clone;box-decoration-break:clone;padding-top:0px;padding-right:0px;padding-bottom:0px;padding-left:0px;}.wp-block-kadence-advancedheading.kt-adv-heading470_de01b5-14 img.kb-inline-image, .wp-block-kadence-advancedheading.kt-adv-heading470_de01b5-14[data-kb-block="kb-adv-heading470_de01b5-14"] img.kb-inline-image{width:150px;vertical-align:baseline;}</style>
<p class="kt-adv-heading470_de01b5-14 wp-block-kadence-advancedheading" data-kb-block="kb-adv-heading470_de01b5-14">De werkgroep is bereikbaar via het <a href="https://platformspaans.nl/?page_id=97" data-type="URL" data-id="https://platformspaans.nl/?page_id=97">contactformulier</a>.</p>


<style>.wp-block-kadence-advancedheading.kt-adv-heading470_eecf80-0f, .wp-block-kadence-advancedheading.kt-adv-heading470_eecf80-0f[data-kb-block="kb-adv-heading470_eecf80-0f"]{font-style:normal;}.wp-block-kadence-advancedheading.kt-adv-heading470_eecf80-0f mark.kt-highlight, .wp-block-kadence-advancedheading.kt-adv-heading470_eecf80-0f[data-kb-block="kb-adv-heading470_eecf80-0f"] mark.kt-highlight{font-style:normal;color:#f76a0c;-webkit-box-decoration-break:clone;box-decoration-break:clone;padding-top:0px;padding-right:0px;padding-bottom:0px;padding-left:0px;}.wp-block-kadence-advancedheading.kt-adv-heading470_eecf80-0f img.kb-inline-image, .wp-block-kadence-advancedheading.kt-adv-heading470_eecf80-0f[data-kb-block="kb-adv-heading470_eecf80-0f"] img.kb-inline-image{width:150px;vertical-align:baseline;}</style>
<p class="kt-adv-heading470_eecf80-0f wp-block-kadence-advancedheading" data-kb-block="kb-adv-heading470_eecf80-0f"><strong>En español:</strong><br>Las organizaciones que se ocupan de Platform Spaans son públicas y representan sectores diversos tal como la enseñanza secundaria, institutos culturales y universidades. Esta composición garantiza la identidad neutra de la plataforma. Un grupo de trabajo coordina el desarrollo general del sitio web en reuniones trimestrales. Existe además un grupo directivo en el que también participan otras organizaciones y patrocinadores. Este grupo evalúa los resultados obtenidos, plantea los objetivos de la iniciativa y la financiación de las actividades de Platform Spaans, reuniéndose dos veces al año.</p>


<style>.wp-block-kadence-advancedheading.kt-adv-heading470_d66354-2f, .wp-block-kadence-advancedheading.kt-adv-heading470_d66354-2f[data-kb-block="kb-adv-heading470_d66354-2f"]{font-style:normal;}.wp-block-kadence-advancedheading.kt-adv-heading470_d66354-2f mark.kt-highlight, .wp-block-kadence-advancedheading.kt-adv-heading470_d66354-2f[data-kb-block="kb-adv-heading470_d66354-2f"] mark.kt-highlight{font-style:normal;color:#f76a0c;-webkit-box-decoration-break:clone;box-decoration-break:clone;padding-top:0px;padding-right:0px;padding-bottom:0px;padding-left:0px;}.wp-block-kadence-advancedheading.kt-adv-heading470_d66354-2f img.kb-inline-image, .wp-block-kadence-advancedheading.kt-adv-heading470_d66354-2f[data-kb-block="kb-adv-heading470_d66354-2f"] img.kb-inline-image{width:150px;vertical-align:baseline;}</style>
<p class="kt-adv-heading470_d66354-2f wp-block-kadence-advancedheading" data-kb-block="kb-adv-heading470_d66354-2f">Los iniciadores de Platform Spaans son:</p>



<ul class="wp-block-list">
<li><strong>Instituto Cervantes&nbsp;</strong></li>



<li><strong>Consejería de Educación en Benelux&nbsp;</strong></li>



<li><strong>Levende Talen</strong>&nbsp;(Fernanda Martino; Blanca Cano González)</li>



<li><strong>Radboud Universiteit</strong>&nbsp;(Paula Costas Alonso)&nbsp;</li>



<li><strong>Universiteit Utrecht</strong>&nbsp;(Silvia Canto)&nbsp;</li>



<li><strong>Universiteit van Amsterdam</strong>&nbsp;(Eva Daussa)&nbsp;</li>



<li><strong>Universiteit Leiden</strong>&nbsp;(Nanne Timmer)</li>



<li><strong>Fontys</strong>&nbsp;(Daniel Valle Robles)</li>



<li><strong>Hogeschool Utrecht</strong>&nbsp;(Ana Llamazares)&nbsp;</li>



<li><strong>VDSN</strong>&nbsp;(Danielle Siems)&nbsp;</li>
</ul>


<style>.wp-block-kadence-advancedheading.kt-adv-heading470_9eddba-20, .wp-block-kadence-advancedheading.kt-adv-heading470_9eddba-20[data-kb-block="kb-adv-heading470_9eddba-20"]{font-style:normal;}.wp-block-kadence-advancedheading.kt-adv-heading470_9eddba-20 mark.kt-highlight, .wp-block-kadence-advancedheading.kt-adv-heading470_9eddba-20[data-kb-block="kb-adv-heading470_9eddba-20"] mark.kt-highlight{font-style:normal;color:#f76a0c;-webkit-box-decoration-break:clone;box-decoration-break:clone;padding-top:0px;padding-right:0px;padding-bottom:0px;padding-left:0px;}.wp-block-kadence-advancedheading.kt-adv-heading470_9eddba-20 img.kb-inline-image, .wp-block-kadence-advancedheading.kt-adv-heading470_9eddba-20[data-kb-block="kb-adv-heading470_9eddba-20"] img.kb-inline-image{width:150px;vertical-align:baseline;}</style>
<p class="kt-adv-heading470_9eddba-20 wp-block-kadence-advancedheading" data-kb-block="kb-adv-heading470_9eddba-20">Se puede contactar al grupo de trabajo <a href="https://platformspaans.nl/?page_id=97" data-type="URL" data-id="https://platformspaans.nl/?page_id=97">aquí</a>.</p>

<p>De organisaties die zich wijden aan Platform Spaans zijn publiek en vertegenwoordigen diverse sectoren, zoals het voortgezet onderwijs, culturele instituten, en universiteiten. Deze samenstelling waarborgt de neutrale insteek van het platform. Een werkgroep coördineert de algemene ontwikkelingen van de website in driemaandelijkse vergaderingen. Daarnaast is er een leidinggevende groep waar ook andere organisaties en sponsoren [&hellip;]</p>
